tive of -2/3*a**3 + 0 - 1/12*a**4 - 2*a**2 + 0*a. What is the units digit of m(-4)?
4
Let m(a) = 4*a**2 - 2*a - 1. Let p(r) = 3*r**3 + r**2 - 1. Let f be p(1). Suppose f*y + 0*y = 3, -4*b + 3 = -5*y. What is the tens digit of m(b)?
1
Let x(w) = -2*w**3 + 7*w**2 + 8*w - 8. Let d be x(6). Let s(u) = u**3 - 4*u**2 - 4*u. Let o be s(5). What is the units digit of 2/o - d/25?
6
Suppose 0*b = -2*b + 4. Suppose 0 = -b*d + 1 + 3. What is the units digit of d?
2
What is the tens digit of 12/15*3*(-940)/(-24)?
9
Let h(a) be the second derivative of -a**7/2520 + a**6/120 + a**4/6 + a. Let k(x) be the third derivative of h(x). What is the units digit of k(5)?
5
Let n(z) be the second derivative of -19*z**4/12 + z**3/6 - z**2/2 + 2*z. Let m be n(1). What is the units digit of m/(-3) + 4/6?
7
Suppose 0*u = 3*u + 9. Let f = 5 + u. Suppose -f*r + 32 = 2*r. What is the units digit of r?
8
Let g be (4 - 2) + -2 - -1. Let y(k) = -k**3 + k**2 - k + 1. Let s be y(g). Suppose -12 = -4*x - s*x. What is the units digit of x?
3
What is the hundreds digit of 3783/(-52)*16/(-6)?
1
Suppose 2*c - 3*v = 182 + 51, v = -3. What is the units digit of c?
2
Suppose 3 = -3*p + 66. What is the units digit of p?
1
Let b(c) = -c. Let r(p) = -55*p - 1. Let s(k) = -6*b(k) + r(k). Let q be s(-1). Suppose 2*f + q = 5*f. What is the tens digit of f?
1
What is the tens digit of 359 - (0 + 1)/(10/(-20))?
6
Let v(h) be the first derivative of h**4/24 + 2*h**3/3 + 2*h**2 - 3. Let y(x) be the second derivative of v(x). What is the units digit of y(3)?
7
Let k(r) be the first derivative of r**2/2 + 2*r + 4. Let x be k(3). Suppose 0*p + 3*p = -9, -x*w + 31 = 3*p. What is the units digit of w?
8
What is the tens digit of (-1 + -7 + 3)*(-308)/10?
5
Suppose -1 - 3 = -2*o. Suppose o*w = -6, 5*c - 115 - 31 = -3*w. What is the tens digit of c?
3
Let c(v) be the second derivative of v**3/3 + 3*v**2/2 + 2*v. What is the tens digit of c(11)?
2
Let z(f) = 3*f**2 - 4*f - 7. Let q(b) = -2*b - 4. Let l be q(-4). What is the units digit of z(l)?
5
Let x be (2 + -1)*(-3)/1. Let d(g) be the second derivative of g**3/6 + 2*g**2 + g. What is the units digit of d(x)?
1
Suppose 5*x + 4*b - 4 = 124, 5*x + 2*b - 134 = 0. What is the tens digit of x?
2
Let q(p) = -p**3 + 9*p**2 - 8*p - 8. Let r be (-6)/(-27) + 61/9. What is the units digit of q(r)?
4
Let q(g) = -g**2 + 11*g - 13. Let z be 1/((16/28)/4). What is the tens digit of q(z)?
1
Suppose -2*r + 12 = -y + 2*r, 5*r = 2*y + 12. What is the units digit of y?
4
Let b(f) = 4*f**2 - 8*f + 1. Let t(w) = 13*w**2 - 25*w + 3. Let u(v) = 7*b(v) - 2*t(v). What is the units digit of u(4)?
9
Suppose 0 = -n - 20 + 7. What is the units digit of (0 - n)/(4/8)?
6
Let b(j) = 4*j**2 + 2*j - 1. Suppose w - 3*n - 1 = -0*w, 4*w + 3*n - 4 = 0. What is the units digit of b(w)?
5
Let t = 11 + -7. What is the units digit of t?
4
Let t(r) = 11*r - 3. What is the tens digit of t(5)?
5
Suppose -3*w - 4 + 133 = 0. What is the units digit of w?
3
Let u = 106 - -121. What is the units digit of u?
7
Let y(w) = -9*w**3 + 2*w + 1. What is the units digit of y(-1)?
8
Suppose -s = 2*s - 6. Suppose s*q - 3 = 9. Let c(l) = l - 1. What is the units digit of c(q)?
5
Let p(v) = -v**3 - 6*v**2 - 3*v - 1. Let n(u) = u. Let b(h) = -5*n(h) - p(h). What is the units digit of b(-6)?
3
Suppose 4*j + 0*j + 4*s = -20, 5*s + 15 = 5*j. Let y be -2 + j/2*-4. Suppose -2*r + 36 = -y*r. What is the tens digit of r?
1
Suppose 4*x = 4*r, 0*x + 4 = 5*r - 4*x. What is the units digit of r?
4
Suppose 12 = w - 5*k, w - k = -w + 6. Suppose -w*s + 5*s - 24 = 0. What is the units digit of s?
8
Suppose 2*f - f + 7 = r, -3*f + r - 29 = 0. Let c = 25 + f. Suppose 30 + c = 4*k. What is the units digit of k?
1
Let m be (190*1 - 4) + -1. What is the units digit of (-6)/(-33) - m/(-11)?
7
Suppose 3*m - 8 = -2. Let i(p) = -4 - 3*p + 0*p - p**2 + 2*p**2 + p**m. What is the units digit of i(3)?
5
Suppose -3*o - 2*o = 0. Suppose o = -3*f - 3*w - 66, 5*f = -0*w - 4*w - 111. Let n = -16 - f. What is the units digit of n?
7
Suppose d - 2*i + i + 3 = 0, 5*d - 4*i + 10 = 0. What is the units digit of d?
2
Suppose 0 = -4*b + b. Suppose -4*f + 2*p + 46 = 0, 3*f + 4*p - 77 + 26 = b. What is the units digit of f?
3
Let a = 3 + 12. What is the tens digit of a?
1
Let z(n) = n**2 + 3*n - 1. What is the tens digit of z(4)?
2
Let i = 0 - 1. Let r be ((i - -2) + 0)/1. What is the units digit of (1/r - -1) + 0?
2
Let z be (-4)/(-6) - 40/(-12). Suppose 4*q = -5*g + 76, -z*g + 2*q = -22 - 18. What is the units digit of g?
2
Let b(t) = t + 1. Let k be b(2). Suppose k*c = c + 2. What is the units digit of c?
1
Let m(p) = p**3 + 9*p**2 + 8*p. Let a be m(-8). Suppose 2*k - i = 30, -3*i + a*i + 6 = 0. What is the units digit of k?
6
Let x(s) = 5*s**2 + s**3 + 3*s - 4 + 3 + 0. Suppose -4*c - 10 = 2. What is the units digit of x(c)?
8
Let t = 13 + 17. Suppose 0 = -4*o + t + 38. What is the tens digit of o?
1
What is the units digit of ((-1)/((-3)/9))/(5/25)?
5
Let t(y) = 3*y - 24. What is the units digit of t(10)?
6
Let h = 85 - 39. What is the units digit of h?
6
Let d = -192 + 330. What is the units digit of d?
8
Let m(q) = q**3 + q**2 - 5*q. What is the tens digit of m(3)?
2
Let h(k) = -k**3 + 7*k**2 + 2*k - 3. What is the tens digit of h(7)?
1
Suppose -5*r = 4*o - 17, -2*r - 8 = -2. What is the units digit of o?
8
Let w(h) = 2*h**2 - 4*h + 2. Let p = -6 - -8. Let a be w(p). Let t = a - -4. What is the units digit of t?
6
Let i be 9/(1/((-10)/(-2))). Let q(r) = -r**3 - r**2 + 3*r - 4. Let o be q(-3). Suppose o*v - 5*d = i, v + 4*d = -0*v - 16. What is the units digit of v?
4
Let o = 95 - 42. What is the units digit of o?
3
Let v be (-31)/(-2) + (-3)/2. Let f = 23 - v. What is the units digit of f?
9
Let w be (5/2)/((-2)/(-4)). Suppose 3*s - j + 2*j = 14, -5*j = w*s - 10. What is the units digit of s?
6
Let k = -59 + 111. What is the units digit of k?
2
Let u = 0 + 2. Let z(l) = -1 - 3*l + 0*l**2 + l**2 - u. What is the units digit of z(5)?
7
Let x(u) = u**3 + 13*u**2 + 14*u - 8. Let t be x(-12). What is the units digit of t/4*6/(-4)?
2
Suppose -4*l + l + 24 = -3*r, -4*r - 23 = -l. Suppose 0 = j - l*j + 32. What is the units digit of j?
6
Let a(f) = -5*f**2 + 2*f + 3. Let u be a(-2). What is the tens digit of 1*u*(-4)/6?
1
Suppose -d - d = -8. Suppose -4*u = -16, -2*f + 35 = 5*u + 9. Suppose -p - f + d = 0. What is the units digit of p?
1
Let p(g) = g + 1. Let u(o) = o**2 - 5*o - 1. Let w(k) = 4*p(k) + u(k). What is the units digit of w(3)?
9
Suppose 18 = 5*m - 3*m. Let c(y) = 5 + m*y + 5*y**2 + y**2 - y**2 - 4*y**2. What is the tens digit of c(-10)?
1
Let b = 4 - 6. Let y be 2/(-5) - (-28)/(-5). Let u = b - y. What is the units digit of u?
4
What is the tens digit of 44 + 2 + -1 + -2?
4
What is the tens digit of 4*(0 - (-93)/12)?
3
Suppose -12*q + 10*q + 76 = 0. What is the tens digit of q?
3
Suppose 4*o = -7*n + 4*n + 78, 0 = 3*n + 3*o - 75. Let r = n + 27. What is the tens digit of r?
4
Suppose 18 = 2*v - 2*o, -7*v + 3*v + 38 = -3*o. What is the units digit of v?
1
Suppose f + 3 = -1, 57 = -w - 3*f. What is the tens digit of (-2)/(141/w - -3)?
1
Let g(x) = 2*x + 20. Let d be g(-9). Suppose w - d*h - 37 = 0, -3*w + 3*h + h + 117 = 0. What is the units digit of w?
3
Let a(q) be the first derivative of 3*q**2 + 6*q - 5. What is the tens digit of a(4)?
3
Let d = -17 + 72. Suppose 4*w = -4*v + 48, v = 4*w - 2*v - d. What is the tens digit of w?
1
What is the units digit of (-10)/(-4)*(-9 - -23)?
5
Let l = 148 - 106. What is the units digit of l?
2
Let x(z) = 2*z - 5. Let q be x(-6). Let i = -10 - q. What is the units digit of i?
7
Let x be (9/12)/((-1)/(-4)). Suppose -i = -x*i, -q + 5 = 2*i. Suppose -q*j + 20 = -4*j - d, -5*j - 3*d = -60. What is the tens digit of j?
1
Let h(f) = f**3 + 7*f**2 + 10*f + 15. Let m be h(-6). What is the tens digit of (-24)/(-9)*m/(-2)?
1
Let x = 64 - 46. Suppose x = 2*c - 0*c. What is the units digit of c?
9
Suppose 0 = 3*j + 3*f + 18, -3*f = -2*j - f + 8. What is the units digit of (j + -1)*(0 - 16)?
2
Suppose 3*y - 5*y + 4 = 0. Suppose -y*x = 3*x. Suppose x = -3*j - 0*o - 4*o + 35, j - o = 21. What is the tens digit of j?
1
Suppose 1 - 6 = -b. Suppose -15 = -a + 2*o, -o - 95 = a - b*a. What is the tens digit of a?
2
Let b(h